{"id":1278,"date":"2022-04-24T16:49:19","date_gmt":"2022-04-24T16:49:19","guid":{"rendered":"https:\/\/svodbohemia.cz\/?page_id=1278"},"modified":"2022-04-24T17:09:39","modified_gmt":"2022-04-24T17:09:39","slug":"tiskova-zprava-22-dubna-2022","status":"publish","type":"page","link":"https:\/\/svodbohemia.cz\/index.php\/tiskova-zprava-22-dubna-2022\/","title":{"rendered":"Tiskov\u00e1 zpr\u00e1va 22. dubna 2022"},"content":{"rendered":"\t\t<div data-elementor-type=\"wp-page\" data-elementor-id=\"1278\" class=\"elementor elementor-1278\" data-elementor-post-type=\"page\">\n\t\t\t\t\t\t<section class=\"elementor-section elementor-top-section elementor-element elementor-element-cdc09d4 elementor-section-boxed elementor-section-height-default elementor-section-height-default\" data-id=\"cdc09d4\" data-element_type=\"section\">\n\t\t\t\t\t\t<div class=\"elementor-container elementor-column-gap-default\">\n\t\t\t\t\t<div class=\"elementor-column elementor-col-100 elementor-top-column elementor-element elementor-element-0721813\" data-id=\"0721813\" data-element_type=\"column\">\n\t\t\t<div class=\"elementor-widget-wrap elementor-element-populated\">\n\t\t\t\t\t\t<div class=\"elementor-element elementor-element-da69272 elementor-widget elementor-widget-heading\" data-id=\"da69272\" data-element_type=\"widget\" data-widget_type=\"heading.default\">\n\t\t\t\t<div class=\"elementor-widget-container\">\n\t\t\t\t\t<h2 class=\"elementor-heading-title elementor-size-default\"><b style=\"font-style: normal;white-space: normal\"><span lang=\"CS\" style=\"font-size: 16pt;line-height: 22.82666778564453px;font-family: Arial, sans-serif\">\u017deleznice pom\u00e1h\u00e1 pot\u0159ebn\u00fdm<\/span><\/b><span style=\"font-family: -webkit-standard;font-size: medium;font-style: normal;white-space: normal\"><\/span><\/h2>\t\t\t\t<\/div>\n\t\t\t\t<\/div>\n\t\t\t\t\t<\/div>\n\t\t<\/div>\n\t\t\t\t\t<\/div>\n\t\t<\/section>\n\t\t\t\t<section class=\"elementor-section elementor-top-section elementor-element elementor-element-7603773 elementor-section-boxed elementor-section-height-default elementor-section-height-default\" data-id=\"7603773\" data-element_type=\"section\">\n\t\t\t\t\t\t<div class=\"elementor-container elementor-column-gap-default\">\n\t\t\t\t\t<div class=\"elementor-column elementor-col-100 elementor-top-column elementor-element elementor-element-7b33818\" data-id=\"7b33818\" data-element_type=\"column\">\n\t\t\t<div class=\"elementor-widget-wrap elementor-element-populated\">\n\t\t\t\t\t\t<div class=\"elementor-element elementor-element-8044f24 elementor-widget elementor-widget-text-editor\" data-id=\"8044f24\" data-element_type=\"widget\" data-widget_type=\"text-editor.default\">\n\t\t\t\t<div class=\"elementor-widget-container\">\n\t\t\t\t\t\t\t\t\t<div><b><span lang=\"CS\">\u010clenov\u00e9 SVOD Bohemia zachr\u00e1nili p\u0159ed v\u00e1lkou 120 tis\u00edc bezbrann\u00fdch. B\u011bhem v\u00e1lky dovezli state\u010dn\u00fdm obyvatel\u016fm Ukrajiny p\u0159es 4 tis\u00edce tun humanit\u00e1rn\u00ed pomoci 60\u00a0zvl\u00e1\u0161tn\u00edmi vlaky. Dopravci budou pom\u00e1hat, dokud to bude nutn\u00e9.<\/span><\/b><\/div>\t\t\t\t\t\t\t\t<\/div>\n\t\t\t\t<\/div>\n\t\t\t\t\t<\/div>\n\t\t<\/div>\n\t\t\t\t\t<\/div>\n\t\t<\/section>\n\t\t\t\t<section class=\"elementor-section elementor-top-section elementor-element elementor-element-635efe6 elementor-section-boxed elementor-section-height-default elementor-section-height-default\" data-id=\"635efe6\" data-element_type=\"section\">\n\t\t\t\t\t\t<div class=\"elementor-container elementor-column-gap-default\">\n\t\t\t\t\t<div class=\"elementor-column elementor-col-100 elementor-top-column elementor-element elementor-element-ed699d1\" data-id=\"ed699d1\" data-element_type=\"column\">\n\t\t\t<div class=\"elementor-widget-wrap elementor-element-populated\">\n\t\t\t\t\t\t<div class=\"elementor-element elementor-element-d665f46 elementor-widget elementor-widget-text-editor\" data-id=\"d665f46\" data-element_type=\"widget\" data-widget_type=\"text-editor.default\">\n\t\t\t\t<div class=\"elementor-widget-container\">\n\t\t\t\t\t\t\t\t\t<p><strong>Od zalo\u017een\u00ed Svazu osobn\u00edch \u017eelezni\u010dn\u00edch dopravc\u016f (SVOD Bohemia) uplynuly pouh\u00e9 t\u0159i m\u011bs\u00edce, ale jeho \u010dlenov\u00e9 dok\u00e1zali, \u017ee \u017eeleznice je u\u017eite\u010dn\u00e1 nejen v dob\u011b m\u00edru, ale m\u00e1 tak\u00e9 neoceniteln\u00fd p\u0159\u00ednos p\u0159i zm\u00edr\u0148ov\u00e1n\u00ed dopad\u016f bezprecedentn\u00ed vojensk\u00e9 agrese proti dosud svobodn\u00e9 zemi.<\/strong><\/p><p><strong><em>\u201ePomoc lidem ohro\u017een\u00fdch v\u00e1lkou pova\u017eujeme za svou p\u0159irozenou lidskou povinnost\u201c,<\/em><\/strong> zd\u016fraz\u0148uje Ji\u0159\u00ed N\u00e1levka, jednatel Arriva vlaky. <strong><em>\u201ePro pomoc Ukrajin\u011b jsme opr\u00e1\u0161ili my\u0161lenku sm\u00ed\u0161en\u00e9ho n\u00e1kladn\u00edho a osobn\u00edho vlaku\u201c, <\/em><\/strong><em>p\u0159ipojuje se Radim Jan\u010dura, majitel a p\u0159edseda p\u0159edstavenstva RegioJet<\/em>.<\/p><p><strong><em>\u201eJako jedni z prvn\u00edch jsme umo\u017enili bezplatnou p\u0159epravu osob\u00e1m s ukrajinsk\u00fdm pasem i v pravideln\u00fdch link\u00e1ch\u201c<\/em><\/strong><em>,<\/em> p\u0159ipom\u00edn\u00e1 Ji\u0159\u00ed Je\u0161eta, n\u00e1m\u011bstek gener\u00e1ln\u00edho \u0159editele \u010cesk\u00fdch drah pro osobn\u00ed dopravu. <strong><em>\u201e<\/em><\/strong><strong><em>Z Ukrajiny voz\u00edme matky s d\u011btmi a star\u0161\u00ed osoby zdarma nejen vlaky, ale i autobusy\u201c, <\/em><\/strong><em>dod\u00e1v\u00e1 Martin Bala z Leo Expressu.<\/em><\/p><p><em>Na bezplatn\u00e9 p\u0159eprav\u011b cestuj\u00edc\u00edch, prchaj\u00edc\u00edch p\u0159ed v\u00e1le\u010dn\u00fdm konfliktem, se pod\u00edlej\u00ed i dal\u0161\u00ed \u010dlenov\u00e9 SVOD Bohemia, Die L\u00e4nderbahn a A\u017dD Praha.<\/em><\/p>\t\t\t\t\t\t\t\t<\/div>\n\t\t\t\t<\/div>\n\t\t\t\t\t<\/div>\n\t\t<\/div>\n\t\t\t\t\t<\/div>\n\t\t<\/section>\n\t\t\t\t<section class=\"elementor-section elementor-top-section elementor-element elementor-element-808c6da elementor-section-boxed elementor-section-height-default elementor-section-height-default\" data-id=\"808c6da\" data-element_type=\"section\">\n\t\t\t\t\t\t<div class=\"elementor-container elementor-column-gap-default\">\n\t\t\t\t\t<div class=\"elementor-column elementor-col-100 elementor-top-column elementor-element elementor-element-eca11fe\" data-id=\"eca11fe\" data-element_type=\"column\">\n\t\t\t<div class=\"elementor-widget-wrap elementor-element-populated\">\n\t\t\t\t\t\t<div class=\"elementor-element elementor-element-05c464d elementor-widget elementor-widget-text-editor\" data-id=\"05c464d\" data-element_type=\"widget\" data-widget_type=\"text-editor.default\">\n\t\t\t\t<div class=\"elementor-widget-container\">\n\t\t\t\t\t\t\t\t\t<h3><strong>Jak pom\u00e1haj\u00ed osobn\u00ed \u017eelezni\u010dn\u00ed dopravci v\u00e1lkou ohro\u017een\u00fdm lidem<\/strong><\/h3>\t\t\t\t\t\t\t\t<\/div>\n\t\t\t\t<\/div>\n\t\t\t\t\t<\/div>\n\t\t<\/div>\n\t\t\t\t\t<\/div>\n\t\t<\/section>\n\t\t\t\t<section class=\"elementor-section elementor-top-section elementor-element elementor-element-637d7f0 elementor-section-boxed elementor-section-height-default elementor-section-height-default\" data-id=\"637d7f0\" data-element_type=\"section\">\n\t\t\t\t\t\t<div class=\"elementor-container elementor-column-gap-default\">\n\t\t\t\t\t<div class=\"elementor-column elementor-col-100 elementor-top-column elementor-element elementor-element-16b6a3f\" data-id=\"16b6a3f\" data-element_type=\"column\">\n\t\t\t<div class=\"elementor-widget-wrap elementor-element-populated\">\n\t\t\t\t\t\t<div class=\"elementor-element elementor-element-06b3773 elementor-widget elementor-widget-text-editor\" data-id=\"06b3773\" data-element_type=\"widget\" data-widget_type=\"text-editor.default\">\n\t\t\t\t<div class=\"elementor-widget-container\">\n\t\t\t\t\t\t\t\t\t<ul><li>dopravci pom\u00e1haj\u00ed naj\u00edt azyl pot\u0159ebn\u00fdm, zejm\u00e9na matk\u00e1m s d\u011btmi a star\u0161\u00edm lidem, do dne\u0161ka jich bylo p\u0159es 120 tis\u00edc,<\/li><li>od za\u010d\u00e1tku v\u00e1lky dopravili \u010dlenov\u00e9 SVOD Bohemia bezbrann\u00fdm lidem na Ukrajin\u011b p\u0159es 4 tis\u00edce tun humanit\u00e1rn\u00ed pomoci,<\/li><li>k dne\u0161n\u00edmi dni bylo vypraveno celkem 60 humanit\u00e1rn\u00edch vlak\u016f, 2-3 x t\u00fddn\u011b byla souprava slo\u017een\u00e1 z osobn\u00edch i n\u00e1kladn\u00edch voz\u016f,<\/li><li>k dne\u0161n\u00edmu dni poskytli dopravci ukrajinsk\u00fdm ob\u010dan\u016fm p\u0159es 600 tis\u00edc bezplatn\u00fdch j\u00edzd v r\u00e1mci pravideln\u00fdch linek,<\/li><li>dopravci pr\u016fb\u011b\u017en\u011b poskytuj\u00ed p\u00edsemn\u00e9 i \u00fastn\u00ed informace v ukrajinsk\u00e9m jazyce prost\u0159ednictv\u00edm informa\u010dn\u00ed linky, nebo p\u0159\u00edmo na palub\u011b.<\/li><\/ul>\t\t\t\t\t\t\t\t<\/div>\n\t\t\t\t<\/div>\n\t\t\t\t\t<\/div>\n\t\t<\/div>\n\t\t\t\t\t<\/div>\n\t\t<\/section>\n\t\t\t\t<section class=\"elementor-section elementor-top-section elementor-element elementor-element-c39a12f elementor-section-boxed elementor-section-height-default elementor-section-height-default\" data-id=\"c39a12f\" data-element_type=\"section\">\n\t\t\t\t\t\t<div class=\"elementor-container elementor-column-gap-default\">\n\t\t\t\t\t<div class=\"elementor-column elementor-col-100 elementor-top-column elementor-element elementor-element-2544a0b\" data-id=\"2544a0b\" data-element_type=\"column\">\n\t\t\t<div class=\"elementor-widget-wrap elementor-element-populated\">\n\t\t\t\t\t\t<div class=\"elementor-element elementor-element-ab71674 elementor-widget elementor-widget-text-editor\" data-id=\"ab71674\" data-element_type=\"widget\" data-widget_type=\"text-editor.default\">\n\t\t\t\t<div class=\"elementor-widget-container\">\n\t\t\t\t\t\t\t\t\t<p>\u010cesk\u00e9 dr\u00e1hy prokazuj\u00ed vysokou akceschopnost a rychlost. D\u00edky rozs\u00e1hl\u00e9 kapacit\u011b a \u0161irok\u00e9mu spektru slu\u017eeb zaji\u0161\u0165uj\u00ed krom\u011b pos\u00edlen\u00e9 p\u0159epravn\u00ed kapacity a nep\u0159etr\u017eit\u00e9 dispe\u010dersk\u00e9 slu\u017eby tak\u00e9 ubytov\u00e1n\u00ed, do\u010dasn\u00e9 pobyty v \u010dek\u00e1rn\u00e1ch a m\u00edsta v odstaven\u00fdch vlac\u00edch, kde mohou lid\u00e9 vy\u010dkat na registraci nebo dal\u0161\u00ed spoj. Polsk\u00fdm \u017eeleznic\u00edm zap\u016fj\u010dil n\u00e1rodn\u00ed dopravce 2 soupravy s celkovou kapacitou 1\u00a0400 m\u00edst pro p\u0159epravu uprchl\u00edk\u016f. Dal\u0161\u00ed \u010dlenov\u00e9 skupiny \u010cesk\u00e9 dr\u00e1hy poskytuj\u00ed ob\u010derstven\u00ed, wifi p\u0159ipojen\u00ed na n\u00e1dra\u017e\u00ed, power banky, sim karty a st\u00e1le \u010dast\u011bji i pracovn\u00ed uplatn\u011bn\u00ed.<\/p><p>Od za\u010d\u00e1tku konfliktu vypravuje RegioJet v reakci na \u017e\u00e1dost Ukrajinsk\u00fdch \u017eeleznic a veden\u00ed m\u011bsta Kyjev speci\u00e1ln\u00ed vlaky z Prahy do Polsko-Ukrajinsk\u00e9 pohrani\u010dn\u00ed stanice Przemy\u015bl. Souprava je 2-3x t\u00fddn\u011b slo\u017eena z osobn\u00edch voz\u016f s celkovou kapacitou a\u017e 500 l\u016f\u017eek a n\u00e1kladn\u00edch voz\u016f schopn\u00fdch pojmout 400 a\u017e 600 palet materi\u00e1ln\u00ed pomoci, zejm\u00e9na potravin, l\u00e9k\u016f a hygienick\u00fdch pot\u0159eb. Cestuj\u00edc\u00edm je krom\u011b l\u016f\u017eka, p\u0159ikr\u00fdvek a povle\u010den\u00ed k dispozici zdarma ob\u010derstven\u00ed v podob\u011b tepl\u00e9 ve\u010de\u0159e, vody a sn\u00eddan\u011b.<\/p><p>SVOD Bohemia prost\u0159ednictv\u00edm sv\u00fdch \u010dlen\u016f zaji\u0161\u0165uje koordinaci p\u0159epravy uprchl\u00edk\u016f s N\u00e1rodn\u00edm asisten\u010dn\u00edm centrem pomoci Ukrajin\u011b (NACPU), kter\u00e9 je provozn\u011b zabezpe\u010dov\u00e1no hasi\u010dsk\u00fdm z\u00e1chrann\u00fdm sborem. Hektick\u00e9 byly zejm\u00e9na prvn\u00ed dny. Velmi brzy po rozpout\u00e1n\u00ed konfliktu do\u0161lo k vy\u010derp\u00e1n\u00ed kapacity pra\u017esk\u00e9ho centra. Proto bylo nutn\u00e9 cestuj\u00edc\u00ed b\u011bhem j\u00edzdy ohledupln\u011b p\u0159esv\u011bd\u010dovat, aby vyu\u017eili rad\u011bji slu\u017eeb krajsk\u00fdch center, pokud nemaj\u00ed v Praze p\u0159\u00edbuzn\u00e9 nebo zn\u00e1m\u00e9.<\/p><p>Humanit\u00e1rn\u00ed pomoc Ukrajin\u011b je prodchnuta velk\u00fdmi emocemi, v\u00e1lka zp\u016fsobuje nep\u0159edstaviteln\u00e9 lidsk\u00e9 trag\u00e9die. Rozd\u011blen\u00e9 rodiny, \u017eeny s d\u011btmi ut\u00edkaj\u00ed do bezpe\u010d\u00ed, mu\u017ei br\u00e1n\u00ed svou vlast. Dost mo\u017en\u00e1, \u017ee u\u017e se nikdy spole\u010dn\u011b nesetkaj\u00ed. Na\u0161e vlakov\u00e9 \u010dety jsou p\u0159\u00edm\u00fdmi sv\u011bdky strastipln\u00fdch osud\u016f nevinn\u00fdch bytost\u00ed a sna\u017e\u00ed se ze v\u0161ech sil jejich tr\u00e1pen\u00ed alespo\u0148 zm\u00edrnit.<\/p><p>Nezi\u0161tnou pomoc osobn\u00edch \u017eelezni\u010dn\u00edch dopravc\u016f ocenil ministr dopravy Martin Kupka na spole\u010dn\u00e9m setk\u00e1n\u00ed s \u010dleny SVOD Bohemia dne 31. b\u0159ezna 2022 a vy\u0159\u00eddil dopravc\u016fm osobn\u00ed pod\u011bkov\u00e1n\u00ed od premi\u00e9ra Petra Fialy.<\/p>\t\t\t\t\t\t\t\t<\/div>\n\t\t\t\t<\/div>\n\t\t\t\t\t<\/div>\n\t\t<\/div>\n\t\t\t\t\t<\/div>\n\t\t<\/section>\n\t\t\t\t<section class=\"elementor-section elementor-top-section elementor-element elementor-element-22d1310 elementor-section-boxed elementor-section-height-default elementor-section-height-default\" data-id=\"22d1310\" data-element_type=\"section\">\n\t\t\t\t\t\t<div class=\"elementor-container elementor-column-gap-default\">\n\t\t\t\t\t<div class=\"elementor-column elementor-col-100 elementor-top-column elementor-element elementor-element-10756df\" data-id=\"10756df\" data-element_type=\"column\">\n\t\t\t<div class=\"elementor-widget-wrap elementor-element-populated\">\n\t\t\t\t\t\t<div class=\"elementor-element elementor-element-07caa0f elementor-widget elementor-widget-text-editor\" data-id=\"07caa0f\" data-element_type=\"widget\" data-widget_type=\"text-editor.default\">\n\t\t\t\t<div class=\"elementor-widget-container\">\n\t\t\t\t\t\t\t\t\t<p>info@svodbohemia.cz<\/p><p><a href=\"http:\/\/www.svodbohemia.cz\/\">www.svodbohemia.cz<\/a><\/p>\t\t\t\t\t\t\t\t<\/div>\n\t\t\t\t<\/div>\n\t\t\t\t\t<\/div>\n\t\t<\/div>\n\t\t\t\t\t<\/div>\n\t\t<\/section>\n\t\t\t\t<\/div>\n\t\t","protected":false},"excerpt":{"rendered":"<p>\u017deleznice pom\u00e1h\u00e1 pot\u0159ebn\u00fdm \u010clenov\u00e9 SVOD Bohemia zachr\u00e1nili p\u0159ed v\u00e1lkou 120 tis\u00edc bezbrann\u00fdch. B\u011bhem v\u00e1lky dovezli state\u010dn\u00fdm obyvatel\u016fm Ukrajiny p\u0159es 4 tis\u00edce tun humanit\u00e1rn\u00ed pomoci 60\u00a0zvl\u00e1\u0161tn\u00edmi vlaky. Dopravci budou pom\u00e1hat, dokud to bude nutn\u00e9. Od zalo\u017een\u00ed Svazu osobn\u00edch \u017eelezni\u010dn\u00edch dopravc\u016f (SVOD Bohemia) uplynuly pouh\u00e9 t\u0159i m\u011bs\u00edce, ale jeho \u010dlenov\u00e9 dok\u00e1zali, \u017ee \u017eeleznice je u\u017eite\u010dn\u00e1 nejen v [&hellip;]<\/p>\n","protected":false},"author":1,"featured_media":0,"parent":0,"menu_order":0,"comment_status":"closed","ping_status":"closed","template":"","meta":{"footnotes":""},"class_list":["post-1278","page","type-page","status-publish","hentry"],"_links":{"self":[{"href":"https:\/\/svodbohemia.cz\/index.php\/wp-json\/wp\/v2\/pages\/1278","targetHints":{"allow":["GET"]}}],"collection":[{"href":"https:\/\/svodbohemia.cz\/index.php\/wp-json\/wp\/v2\/pages"}],"about":[{"href":"https:\/\/svodbohemia.cz\/index.php\/wp-json\/wp\/v2\/types\/page"}],"author":[{"embeddable":true,"href":"https:\/\/svodbohemia.cz\/index.php\/wp-json\/wp\/v2\/users\/1"}],"replies":[{"embeddable":true,"href":"https:\/\/svodbohemia.cz\/index.php\/wp-json\/wp\/v2\/comments?post=1278"}],"version-history":[{"count":26,"href":"https:\/\/svodbohemia.cz\/index.php\/wp-json\/wp\/v2\/pages\/1278\/revisions"}],"predecessor-version":[{"id":1318,"href":"https:\/\/svodbohemia.cz\/index.php\/wp-json\/wp\/v2\/pages\/1278\/revisions\/1318"}],"wp:attachment":[{"href":"https:\/\/svodbohemia.cz\/index.php\/wp-json\/wp\/v2\/media?parent=1278"}],"curies":[{"name":"wp","href":"https:\/\/api.w.org\/{rel}","templated":true}]}}