{"id":6,"date":"2022-01-08T12:17:55","date_gmt":"2022-01-08T12:17:55","guid":{"rendered":"http:\/\/svodbohemia.cz\/?page_id=6"},"modified":"2026-01-07T14:32:33","modified_gmt":"2026-01-07T14:32:33","slug":"domu","status":"publish","type":"page","link":"https:\/\/svodbohemia.cz\/","title":{"rendered":"Dom\u016f"},"content":{"rendered":"\t\t<div data-elementor-type=\"wp-page\" data-elementor-id=\"6\" class=\"elementor elementor-6\" data-elementor-post-type=\"page\">\n\t\t\t\t\t\t<section class=\"elementor-section elementor-top-section elementor-element elementor-element-373f1e71 elementor-section-content-middle elementor-section-stretched elementor-section-boxed elementor-section-height-default elementor-section-height-default\" data-id=\"373f1e71\" data-element_type=\"section\" data-settings=\"{&quot;background_background&quot;:&quot;classic&quot;,&quot;stretch_section&quot;:&quot;section-stretched&quot;}\">\n\t\t\t\t\t\t\t<div class=\"elementor-background-overlay\"><\/div>\n\t\t\t\t\t\t\t<div class=\"elementor-container elementor-column-gap-default\">\n\t\t\t\t\t<div class=\"elementor-column elementor-col-33 elementor-top-column elementor-element elementor-element-2fa5fda7\" data-id=\"2fa5fda7\" data-element_type=\"column\" data-settings=\"{&quot;background_background&quot;:&quot;classic&quot;}\">\n\t\t\t<div class=\"elementor-widget-wrap elementor-element-populated\">\n\t\t\t\t\t<div class=\"elementor-background-overlay\"><\/div>\n\t\t\t\t\t\t<div class=\"elementor-element elementor-element-64d898a8 elementor-widget elementor-widget-image\" data-id=\"64d898a8\" data-element_type=\"widget\" data-widget_type=\"image.default\">\n\t\t\t\t<div class=\"elementor-widget-container\">\n\t\t\t\t\t\t\t\t\t\t\t\t\t\t\t<img fetchpriority=\"high\" decoding=\"async\" width=\"512\" height=\"512\" src=\"https:\/\/svodbohemia.cz\/wp-content\/uploads\/2022\/01\/terc.png\" class=\"attachment-full size-full wp-image-83\" alt=\"\" srcset=\"https:\/\/svodbohemia.cz\/wp-content\/uploads\/2022\/01\/terc.png 512w, https:\/\/svodbohemia.cz\/wp-content\/uploads\/2022\/01\/terc-300x300.png 300w, https:\/\/svodbohemia.cz\/wp-content\/uploads\/2022\/01\/terc-150x150.png 150w\" sizes=\"(max-width: 512px) 100vw, 512px\" \/>\t\t\t\t\t\t\t\t\t\t\t\t\t\t\t<\/div>\n\t\t\t\t<\/div>\n\t\t\t\t<div class=\"elementor-element elementor-element-619b2f3b elementor-widget elementor-widget-heading\" data-id=\"619b2f3b\" data-element_type=\"widget\" data-widget_type=\"heading.default\">\n\t\t\t\t<div class=\"elementor-widget-container\">\n\t\t\t\t\t<h5 class=\"elementor-heading-title elementor-size-default\">PODNIKATELSK\u00c9 PROST\u0158ED\u00cd<\/h5>\t\t\t\t<\/div>\n\t\t\t\t<\/div>\n\t\t\t\t<div class=\"elementor-element elementor-element-6262afe7 elementor-widget elementor-widget-heading\" data-id=\"6262afe7\" data-element_type=\"widget\" data-widget_type=\"heading.default\">\n\t\t\t\t<div class=\"elementor-widget-container\">\n\t\t\t\t\t<h3 class=\"elementor-heading-title elementor-size-default\">Strategie a legislativa<\/h3>\t\t\t\t<\/div>\n\t\t\t\t<\/div>\n\t\t\t\t<div class=\"elementor-element elementor-element-7df6e52b elementor-widget elementor-widget-text-editor\" data-id=\"7df6e52b\" data-element_type=\"widget\" data-widget_type=\"text-editor.default\">\n\t\t\t\t<div class=\"elementor-widget-container\">\n\t\t\t\t\t\t\t\t\t<p>Posl\u00e1n\u00edm sdru\u017een\u00ed je zv\u00fd\u0161it pod\u00edl \u017eeleznice na p\u0159eprav\u011b osob v \u010cesk\u00e9 republice aktivn\u00edm zapojen\u00edm do tvorby dopravn\u00ed politiky st\u00e1tu.<\/p>\t\t\t\t\t\t\t\t<\/div>\n\t\t\t\t<\/div>\n\t\t\t\t<div class=\"elementor-element elementor-element-7866e6eb elementor-widget elementor-widget-button\" data-id=\"7866e6eb\" data-element_type=\"widget\" data-widget_type=\"button.default\">\n\t\t\t\t<div class=\"elementor-widget-container\">\n\t\t\t\t\t\t\t\t\t<div class=\"elementor-button-wrapper\">\n\t\t\t\t\t<a class=\"elementor-button elementor-button-link elementor-size-md elementor-animation-float\" href=\"https:\/\/svodbohemia.cz\/index.php\/strategie-a-legislativa-2\/\">\n\t\t\t\t\t\t<span class=\"elementor-button-content-wrapper\">\n\t\t\t\t\t\t\t\t\t<span class=\"elementor-button-text\">ZJISTIT V\u00cdCE<\/span>\n\t\t\t\t\t<\/span>\n\t\t\t\t\t<\/a>\n\t\t\t\t<\/div>\n\t\t\t\t\t\t\t\t<\/div>\n\t\t\t\t<\/div>\n\t\t\t\t\t<\/div>\n\t\t<\/div>\n\t\t\t\t<div class=\"elementor-column elementor-col-33 elementor-top-column elementor-element elementor-element-29dd43fa\" data-id=\"29dd43fa\" data-element_type=\"column\" data-settings=\"{&quot;background_background&quot;:&quot;classic&quot;}\">\n\t\t\t<div class=\"elementor-widget-wrap elementor-element-populated\">\n\t\t\t\t\t<div class=\"elementor-background-overlay\"><\/div>\n\t\t\t\t\t\t<div class=\"elementor-element elementor-element-2a903e8e elementor-widget elementor-widget-image\" data-id=\"2a903e8e\" data-element_type=\"widget\" data-widget_type=\"image.default\">\n\t\t\t\t<div class=\"elementor-widget-container\">\n\t\t\t\t\t\t\t\t\t\t\t\t\t\t\t<img decoding=\"async\" width=\"512\" height=\"512\" src=\"https:\/\/svodbohemia.cz\/wp-content\/uploads\/2022\/01\/sit.png\" class=\"attachment-full size-full wp-image-84\" alt=\"\" srcset=\"https:\/\/svodbohemia.cz\/wp-content\/uploads\/2022\/01\/sit.png 512w, https:\/\/svodbohemia.cz\/wp-content\/uploads\/2022\/01\/sit-300x300.png 300w, https:\/\/svodbohemia.cz\/wp-content\/uploads\/2022\/01\/sit-150x150.png 150w\" sizes=\"(max-width: 512px) 100vw, 512px\" \/>\t\t\t\t\t\t\t\t\t\t\t\t\t\t\t<\/div>\n\t\t\t\t<\/div>\n\t\t\t\t<div class=\"elementor-element elementor-element-26f604cb elementor-widget elementor-widget-heading\" data-id=\"26f604cb\" data-element_type=\"widget\" data-widget_type=\"heading.default\">\n\t\t\t\t<div class=\"elementor-widget-container\">\n\t\t\t\t\t<h5 class=\"elementor-heading-title elementor-size-default\">PROVOZN\u00cd PODM\u00cdNKy<\/h5>\t\t\t\t<\/div>\n\t\t\t\t<\/div>\n\t\t\t\t<div class=\"elementor-element elementor-element-41f4a314 elementor-widget elementor-widget-heading\" data-id=\"41f4a314\" data-element_type=\"widget\" data-widget_type=\"heading.default\">\n\t\t\t\t<div class=\"elementor-widget-container\">\n\t\t\t\t\t<h3 class=\"elementor-heading-title elementor-size-default\">Dr\u00e1\u017en\u00ed infrastruktura<\/h3>\t\t\t\t<\/div>\n\t\t\t\t<\/div>\n\t\t\t\t<div class=\"elementor-element elementor-element-439580be elementor-widget elementor-widget-text-editor\" data-id=\"439580be\" data-element_type=\"widget\" data-widget_type=\"text-editor.default\">\n\t\t\t\t<div class=\"elementor-widget-container\">\n\t\t\t\t\t\t\t\t\t<p>C\u00edlem sdru\u017een\u00ed je\u00a0minimalizace dopad\u016f sou\u010dasn\u00e9ho stavu trat\u00ed, jejich oprav a v\u00fdstavby na kvalitu slu\u017eeb cestuj\u00edc\u00edm.<\/p>\t\t\t\t\t\t\t\t<\/div>\n\t\t\t\t<\/div>\n\t\t\t\t<div class=\"elementor-element elementor-element-4d6cd21f elementor-widget elementor-widget-button\" data-id=\"4d6cd21f\" data-element_type=\"widget\" data-widget_type=\"button.default\">\n\t\t\t\t<div class=\"elementor-widget-container\">\n\t\t\t\t\t\t\t\t\t<div class=\"elementor-button-wrapper\">\n\t\t\t\t\t<a class=\"elementor-button elementor-button-link elementor-size-md elementor-animation-float\" href=\"https:\/\/svodbohemia.cz\/index.php\/drazni-infrastruktura-2\/\">\n\t\t\t\t\t\t<span class=\"elementor-button-content-wrapper\">\n\t\t\t\t\t\t\t\t\t<span class=\"elementor-button-text\">ZJISTIT V\u00cdCE<\/span>\n\t\t\t\t\t<\/span>\n\t\t\t\t\t<\/a>\n\t\t\t\t<\/div>\n\t\t\t\t\t\t\t\t<\/div>\n\t\t\t\t<\/div>\n\t\t\t\t\t<\/div>\n\t\t<\/div>\n\t\t\t\t<div class=\"elementor-column elementor-col-33 elementor-top-column elementor-element elementor-element-3e645235\" data-id=\"3e645235\" data-element_type=\"column\" data-settings=\"{&quot;background_background&quot;:&quot;classic&quot;}\">\n\t\t\t<div class=\"elementor-widget-wrap elementor-element-populated\">\n\t\t\t\t\t<div class=\"elementor-background-overlay\"><\/div>\n\t\t\t\t\t\t<div class=\"elementor-element elementor-element-6168750d elementor-widget elementor-widget-image\" data-id=\"6168750d\" data-element_type=\"widget\" data-widget_type=\"image.default\">\n\t\t\t\t<div class=\"elementor-widget-container\">\n\t\t\t\t\t\t\t\t\t\t\t\t\t\t\t<img decoding=\"async\" width=\"357\" height=\"422\" src=\"https:\/\/svodbohemia.cz\/wp-content\/uploads\/2022\/01\/zarovka.png\" class=\"attachment-full size-full wp-image-85\" alt=\"\" srcset=\"https:\/\/svodbohemia.cz\/wp-content\/uploads\/2022\/01\/zarovka.png 357w, https:\/\/svodbohemia.cz\/wp-content\/uploads\/2022\/01\/zarovka-254x300.png 254w\" sizes=\"(max-width: 357px) 100vw, 357px\" \/>\t\t\t\t\t\t\t\t\t\t\t\t\t\t\t<\/div>\n\t\t\t\t<\/div>\n\t\t\t\t<div class=\"elementor-element elementor-element-539d63c1 elementor-widget elementor-widget-heading\" data-id=\"539d63c1\" data-element_type=\"widget\" data-widget_type=\"heading.default\">\n\t\t\t\t<div class=\"elementor-widget-container\">\n\t\t\t\t\t<h5 class=\"elementor-heading-title elementor-size-default\">z\u00e1kaznick\u00e9 benefity<\/h5>\t\t\t\t<\/div>\n\t\t\t\t<\/div>\n\t\t\t\t<div class=\"elementor-element elementor-element-58ad2c97 elementor-widget elementor-widget-heading\" data-id=\"58ad2c97\" data-element_type=\"widget\" data-widget_type=\"heading.default\">\n\t\t\t\t<div class=\"elementor-widget-container\">\n\t\t\t\t\t<h3 class=\"elementor-heading-title elementor-size-default\">Inovace a rozvoj<\/h3>\t\t\t\t<\/div>\n\t\t\t\t<\/div>\n\t\t\t\t<div class=\"elementor-element elementor-element-609da268 elementor-widget elementor-widget-text-editor\" data-id=\"609da268\" data-element_type=\"widget\" data-widget_type=\"text-editor.default\">\n\t\t\t\t<div class=\"elementor-widget-container\">\n\t\t\t\t\t\t\t\t\t<p>Sdru\u017een\u00ed se bude aktivn\u011b spolupod\u00edlet na p\u0159\u00edprav\u011b podm\u00ednek pro smyslupln\u00e9 vyu\u017eit\u00ed nov\u00fdch technologi\u00ed ve ve\u0159ejn\u00e9 doprav\u011b.<\/p>\t\t\t\t\t\t\t\t<\/div>\n\t\t\t\t<\/div>\n\t\t\t\t<div class=\"elementor-element elementor-element-578b0160 elementor-widget elementor-widget-button\" data-id=\"578b0160\" data-element_type=\"widget\" data-widget_type=\"button.default\">\n\t\t\t\t<div class=\"elementor-widget-container\">\n\t\t\t\t\t\t\t\t\t<div class=\"elementor-button-wrapper\">\n\t\t\t\t\t<a class=\"elementor-button elementor-button-link elementor-size-md elementor-animation-float\" href=\"https:\/\/svodbohemia.cz\/index.php\/inovace-a-rozvoj\/\">\n\t\t\t\t\t\t<span class=\"elementor-button-content-wrapper\">\n\t\t\t\t\t\t\t\t\t<span class=\"elementor-button-text\">ZJISTIT V\u00cdCE<\/span>\n\t\t\t\t\t<\/span>\n\t\t\t\t\t<\/a>\n\t\t\t\t<\/div>\n\t\t\t\t\t\t\t\t<\/div>\n\t\t\t\t<\/div>\n\t\t\t\t\t<\/div>\n\t\t<\/div>\n\t\t\t\t\t<\/div>\n\t\t<\/section>\n\t\t\t\t<\/div>\n\t\t","protected":false},"excerpt":{"rendered":"<p>PODNIKATELSK\u00c9 PROST\u0158ED\u00cd Strategie a legislativa Posl\u00e1n\u00edm sdru\u017een\u00ed je zv\u00fd\u0161it pod\u00edl \u017eeleznice na p\u0159eprav\u011b osob v \u010cesk\u00e9 republice aktivn\u00edm zapojen\u00edm do tvorby dopravn\u00ed politiky st\u00e1tu. ZJISTIT V\u00cdCE PROVOZN\u00cd PODM\u00cdNKy Dr\u00e1\u017en\u00ed infrastruktura C\u00edlem sdru\u017een\u00ed je\u00a0minimalizace dopad\u016f sou\u010dasn\u00e9ho stavu trat\u00ed, jejich oprav a v\u00fdstavby na kvalitu slu\u017eeb cestuj\u00edc\u00edm. ZJISTIT V\u00cdCE z\u00e1kaznick\u00e9 benefity Inovace a rozvoj Sdru\u017een\u00ed se bude [&hellip;]<\/p>\n","protected":false},"author":1,"featured_media":0,"parent":0,"menu_order":0,"comment_status":"closed","ping_status":"closed","template":"","meta":{"footnotes":""},"class_list":["post-6","page","type-page","status-publish","hentry"],"_links":{"self":[{"href":"https:\/\/svodbohemia.cz\/index.php\/wp-json\/wp\/v2\/pages\/6","targetHints":{"allow":["GET"]}}],"collection":[{"href":"https:\/\/svodbohemia.cz\/index.php\/wp-json\/wp\/v2\/pages"}],"about":[{"href":"https:\/\/svodbohemia.cz\/index.php\/wp-json\/wp\/v2\/types\/page"}],"author":[{"embeddable":true,"href":"https:\/\/svodbohemia.cz\/index.php\/wp-json\/wp\/v2\/users\/1"}],"replies":[{"embeddable":true,"href":"https:\/\/svodbohemia.cz\/index.php\/wp-json\/wp\/v2\/comments?post=6"}],"version-history":[{"count":252,"href":"https:\/\/svodbohemia.cz\/index.php\/wp-json\/wp\/v2\/pages\/6\/revisions"}],"predecessor-version":[{"id":2826,"href":"https:\/\/svodbohemia.cz\/index.php\/wp-json\/wp\/v2\/pages\/6\/revisions\/2826"}],"wp:attachment":[{"href":"https:\/\/svodbohemia.cz\/index.php\/wp-json\/wp\/v2\/media?parent=6"}],"curies":[{"name":"wp","href":"https:\/\/api.w.org\/{rel}","templated":true}]}}